0011
What is 171a (base 13) in base 2?
110101001011
Convert -867 (base 11) to base 6.
-4453
Convert 466 (base 13) to base 6.
3304
What is -11532 (base 7) in base 14?
-1152
-941 (base 15) to base 7
-6040
What is -a47 (base 12) in base 15?
-69a
Convert -549c (base 14) to base 3.
-202002022
What is 6662 (base 7) in base 13?
1124
Convert -1497 (base 10) to base 8.
-2731
Convert d2a (base 15) to base 13.
1471
149 (base 16) to base 13
1c4
-1285 (base 9) to base 12
-688
Convert -d4cc (base 16) to base 10.
-54476
404 (base 9) to base 8
510
What is 1000222 (base 3) in base 7?
2126
Convert -534 (base 16) to base 7.
-3612
-3565 (base 14) to base 3
-110202111
What is -2ba (base 13) in base 9?
-605
What is -2341 (base 12) in base 10?
-3937
23203 (base 4) to base 16
2e3
What is 13866 (base 9) in base 12?
5580
What is -1185 (base 9) in base 13?
-533
Convert 7413 (base 12) to base 9.
18356
Convert 213534 (base 6) to base 9.
26244
What is 143134 (base 6) in base 12?
7aaa
-140 (base 9) to base 14
-85
-729 (base 13) to base 2
-10011000010
Convert 16301 (base 7) to base 15.
1572
65c (base 13) to base 9
1442
-b6 (base 16) to base 15
-c2
Convert -1ba (base 14) to base 9.
-440
What is 871 (base 11) in base 14?
54a
-11010001010 (base 2) to base 15
-769
-11100001010 (base 2) to base 16
-70a
What is 11100110000010 (base 2) in base 5?
432342
-27785 (base 11) to base 13
-14cc6
What is -13802 (base 10) in base 4?
-3113222
Convert -1107 (base 10) to base 5.
-13412
What is -1010202 (base 3) in base 11?
-695
What is 695 (base 13) in base 3?
1120002
Convert -3008 (base 14) to base 6.
-102052
What is -12151 (base 7) in base 8?
-6144
-658 (base 11) to base 9
-1066
-405043 (base 6) to base 12
-16783
What is -11212001 (base 3) in base 12?
-206a
-36a6 (base 11) to base 6
-34215
What is -12222022 (base 3) in base 9?
-5868
-3011 (base 5) to base 10
-381
-10000110010100 (base 2) to base 10
-8596
10000111011101 (base 2) to base 16
21dd
Convert -12012 (base 4) to base 16.
-186
What is -3059 (base 15) in base 8?
-23741
What is -5b6 (base 14) in base 6?
-5140
Convert 12701 (base 14) to base 10.
45277
6cd (base 16) to base 9
2344
Convert 10100001100111 (base 2) to base 9.
15162
-11cf (base 16) to base 9
-6225
What is 33bb (base 13) in base 10?
7252
Convert 11000112 (base 3) to base 6.
21322
254 (base 8) to base 13
103
What is -20133302 (base 4) in base 10?
-34802
Convert 508 (base 10) to base 16.
1fc
Convert 24a0 (base 13) to base 8.
12120
What is -2202 (base 13) in base 5?
-122414
Convert 150 (base 7) to base 5.
314
What is -47556 (base 8) in base 11?
-14306
What is -344 (base 14) in base 4?
-22020
-302 (base 13) to base 14
-285
Convert -24b (base 14) to base 9.
-560
What is 5960 (base 10) in base 9?
8152
What is -1408 (base 14) in base 9?
-4758
-153544 (base 6) to base 10
-15112
-11010110000101 (base 2) to base 5
-414301
What is 1011001111010 (base 2) in base 9?
7803
-1546 (base 9) to base 2
-10010011000
What is -1b69 (base 12) in base 16?
-d41
15a (base 13) to base 14
136
What is -b0b (base 15) in base 2?
-100110110110
What is 5861 (base 12) in base 6?
113401
What is 2120 (base 9) in base 16?
615
What is -50257 (base 8) in base 9?
-31300
18037 (base 9) to base 11
9378
223 (base 15) to base 4
13203
Convert -877 (base 13) to base 10.
-1450
What is -1024 (base 12) in base 14?
-8d6
Convert -1012 (base 11) to base 7.
-3630
What is -421 (base 5) in base 6?
-303
Convert -274a (base 14) to base 5.
-210201
Convert 2617 (base 11) to base 6.
23434
Convert 10835 (base 15) to base 16.
ccfb
-2244 (base 6) to base 10
-532
What is -3605 (base 9) in base 12?
-1672
Convert -1434 (base 5) to base 14.
-136
What is -42f (base 16) in base 3?
-1110200
Convert -4759 (base 16) to base 3.
-221001111
What is 1212022021 (base 3) in base 15?
aced
Convert 54 (base 15) to base 5.
304
132131 (base 4) to base 5
30244
Convert -121231 (base 4) to base 10.
-1645
-1000011011010 (base 2) to base 4
-1003122
-238 (base 12) to base 10
-332
What is -1101110 (base 2) in base 10?
-110
What is -123323 (base 5) in base 11?
-36a9
Convert -6ab5 (base 16) to base 13.
-c584
Convert -14236 (base 7) to base 15.
-124d
Convert -1204 (base 6) to base 4.
-10210
Convert 11111111 (base 2) to base 9.
313
2012 (base 3) to base 4
323
-715 (base 12) to base 8
-2001
Convert -205444 (base 6) to base 16.
-41a4
-27296 (base 10) to base 2
-110101010100000
-326565 (base 7) to base 4
-32003211
What is -211003 (base 4) in base 10?
-2371
What is -6317 (base 14) in base 8?
-41261
What is 3a3a (base 13) in base 9?
12375
What is 6533 (base 9) in base 13?
225c
15648 (base 9) to base 10
10736
What is -1660 (base 13) in base 11?
-2520
Convert -13000321 (base 4) to base 7.
-146521
Convert -9686 (base 10) to base 11.
-7306
110001011101010 (base 2) to base 3
1021201212
Convert 10122 (base 5) to base 7.
1634
Convert -7070 (base 9) to base 4.
-1100232
What is 3a5 (base 11) in base 5?
3403
-367 (base 8) to base 14
-139
What is 331331 (base 6) in base 2?
110101110100111
Convert 390 (base 16) to base 13.
552
-972 (base 13) to base 2
-11001001110
What is 1522 (base 8) in base 14?
44a
Convert 214210 (base 6) to base 11.
12403
Convert -10010010100 (base 2) to base 15.
-532
What is -101400 (base 5) in base 4?
-310112
Convert -3101423 (base 5) to base 3.
-2112220200
Convert 365 (base 8) to base 10.
245
a1 (base 11) to base 6
303
1011000100011100 (base 2) to base 8
130434
Convert a127 (base 13) to base 16.
569c
Convert -20030033 (base 4) to base 15.
-9e1b
What is -1d60 (base 15) in base 9?
-8680
Convert 1881 (base 14) to base 11.
3363
What is 431124 (base 5) in base 11?
aa18
Convert 11101 (base 4) to base 8.
521
What is 450 (base 6) in base 3?
20110
What is -1336 (base 7) in base 15?
-247
Convert -10044 (base 11) to base 12.
-8601
-142501 (base 7) to base 4
-12223033
What is -4125 (base 7) in base 8?
-2640
What is -8b8 (base 16) in base 15?
-9dc
What is -637 (base 13) in base 12?
-744
-b04 (base 13) to base 2
-11101000111
What is -239 (base 10) in base 14?
-131
What is 4050 (base 6) in base 4?
31332
Convert -445 (base 9) to base 2.
-101101101
What is -e035 (base 16) in base 5?
-3314042
What is 3001 (base 9) in base 3?
10000001
What is -36b (base 13) in base 7?
-1511
15155 (base 10) to base 9
22708
Convert -2cab (base 15) to base 13.
-44b4
What is 1201000 (base 3) in base 7?
3423
What is 1110011001100 (base 2) in base 13?
3481
Convert -10643 (base 8) to base 6.
-32523
-1038b (base 14) to base 2
-1001100011010111
Convert -788 (base 11) to base 9.
-1257
What is -211302 (base 7) in base 5?
-2132012
What is -1a34 (base 14) in base 15?
-161a
7405 (base 8) to base 10
3845
100311 (base 5) to base 15
e3b
Convert 5a (base 14) to base 15.
55
Convert 14629 (base 11) to base 12.
bbaa
2180 (base 11) to base 4
230313
What is 205 (base 10) in base 7?
412
What is -101101101 (base 2) in base 9?
-445
40402 (base 5) to base 16
a2a
2300 (base 5) to base 10
325
Convert 102211 (base 3) to base 12.
227
35323 (base 10) to base 6
431311
What is -d3e (base 16) in base 5?
-102030
3ba (base 14) to base 8
1360
What is 1100211 (base 3) in base 6?
4334
Convert 19706 (base 12) to base 3.
1220011120
What is -42772 (base 8) in base 16?
-45fa
What is -14452 (base 6) in base 14?
-bcc
633 (base 13) to base 11
880
Convert 2864 (base 12) to base 14.
19c8
Convert -4553 (base 7) to base 14.
-863
Convert -6a8 (base 12) to base 6.
-4332
Convert 200011 (base 4) to base 3.
2211001
What is -4214 (base 5) in base 8?
-1057
3884 (base 11) to base 5
130203
-202001 (base 3) to base 5
-4131
649 (base 10) to base 4
22021
What is -133111 (base 4) in base 6?
-13141
Convert -122120 (base 3) to base 5.
-3344
What is -641 (base 7) in base 15?
-168
2401 (base 5) to base 15
186
Convert -3057a (base 11) to base 16.
-ae47
Convert 1100101 (base 2) to base 11.
92
What is -2221 (base 4) in base 13?
-100
-3416 (base 16) to base 15
-3e3e
What is -1a278 (base 12) in base 3?
-1221200002
-1111011 (base 2) to base 7
-234
-100001111010 (base 2) to base 4
-201322
Convert 46f (base 16) to base 5.
14020
Convert -50132 (base 8) to base 2.
-101000001011010
-6c8 (base 13) to base 3
-1121122
Convert -62 (base 8) to base 14.
-38
571 (base 14) to base 10
1079
What is 11311 (base 8) in base 13?
225c
101202 (base 3) to base 16
122
1b (base 15) to base 